 a + 216 = 0. Is q a composite number?
False
Let s(q) = 2*q**2 - 69*q - 4. Let d be s(4). Let t = d - -1045. Is t composite?
False
Suppose 15 = -3*z, 3*n - 3*z + 10 = -14. Let u be 13/n + (2 - 8). Let m = u - -96. Is m composite?
False
Let g(i) = i**2 - 5*i + 7. Let o be g(6). Suppose -l + 5 = 0, -o*v + 4*l - 1097 = -16*v. Is v composite?
False
Suppose -3*h + 140 = -5*w, 4*h - 9*h - 5*w + 220 = 0. Let r be (-80)/h + 2/(-9) - -2. Suppose r = -90*u + 86*u + 2804. Is u composite?
False
Let q be (-4)/(12/(-19)) - 2/6. Is q/21 - ((-18925)/7)/5 a composite number?
False
Let z = -484 + 1735. Suppose 3*p - 7566 = z. Is p prime?
True
Suppose 12*h - 64894 - 28742 = 0. Let k = h - 2470. Is k prime?
True
Let o = 1094 - -4949. Is o composite?
False
Let r(v) = -217*v**2 - 5*v + 11. Let a be r(3). Let q = a - -8580. Is q a composite number?
True
Suppose -4*n = 21 + 19. Is (19/n + (-4)/(-10))*-74 a composite number?
True
Let h(k) = -61*k**2 - 3*k - 1. Let o(m) = m**2 + m. Let a(w) = h(w) + 5*o(w). Let y be a(-2). Let i = y - -560. Is i prime?
True
Suppose 0 = -68*z + 63*z + 1805. Suppose -4*r - 8 = 0, -z = -2*q - 3*r + 2379. Is q a prime number?
True
Suppose -78125 = -c - 2*z, -5*z + 60167 + 17946 = c. Is c composite?
True
Let q = -16 - -18. Let p be ((-144)/(-4))/(4 - q). Suppose p*l - 15389 = 7*l. Is l prime?
True
Suppose 0 = p + p - 2*o - 20, -3*p = -5*o - 28. Let z = 26 - p. Is z/10*(-4328)/(-6) a composite number?
True
Let j(k) = 142*k**3 - 26*k**2 + 5*k + 23. Is j(6) prime?
True
Suppose -l + 13279 = -6742. Suppose -7*x + l + 13719 = 0. Suppose x = 4*a + u, a = -0*u + 2*u + 1205. Is a a composite number?
True
Suppose -4*m + 2 = -0*m + 2*s, -3*m = -s + 1. Suppose 3*i + 11079 = -m*i. Is (12/(-9))/(i/(-1233) - 3) a prime number?
False
Let f(j) = j**2 + 4*j - 11. Let m be f(5). Suppose 205 = -w + 6*w - 3*b, w - 2*b - m = 0. Let t = 885 + w. Is t composite?
False
Let h = 526058 + 199983. Is h composite?
True
Let p(k) = 578*k**3 - 152*k**2 + 40*k + 31. Is p(12) a prime number?
True
Let l = -556288 - -823411. Is l composite?
True
Let h(a) be the second derivative of a**5/20 + 23*a**4/12 + 11*a**3/6 - 13*a**2/2 - 961*a. Suppose 0 = 5*s + 21 + 49. Is h(s) a prime number?
True
Let o = 108 - 108. Suppose 74*b - 1757457 - 1026349 = o. Is b prime?
True
Let j = -55376 - -545634. Is j prime?
False
Let b be (8 - 4) + (-15)/3 + 3. Is b/4*(-10 - -10) + 10883 a composite number?
False
Suppose -8*d + 4 = -4*d. Let y be (6/(-18))/(d/(-3)). Is 466 + (y - -2) + -2 composite?
False
Let l(a) = 295*a**2 - 2. Let q(g) = 2*g - 19. Let c be q(10). Let v be l(c). Let b = v - 136. Is b a composite number?
False
Suppose -35 = -3*k + 5*b - 0*b, 0 = -4*k - 4*b + 4. Suppose k*z + 174 - 21779 = 0. Is z a prime number?
False
Let v be 0 + 4/(-14) + 282108/28. Suppose z - 2015 = -5*o, -5*z - 6*o + v = -o. Let g = -432 + z. Is g prime?
True
Let b(k) = k**3 + 4*k**2 - k - 1. Let c be b(-2). Suppose 3*p - c*p = -1908. Suppose -f = 4*j - 1121 + p, 4*f - 4*j - 3192 = 0. Is f a composite number?
True
Let w(x) = 1323*x - 48. Let l(o) = 5292*o - 192. Let d(t) = 4*l(t) - 15*w(t). Is d(3) a composite number?
True
Let w = 599589 + -384926. Is w composite?
False
Is (283002/(-9) - 35/7)*(-4 + -11) a composite number?
True
Let x(n) = -7665*n + 32. Let q be x(-1). Let v = -1338 + q. Is v prime?
True
Let r(c) = -2*c - 56. Let o be r(-2). Let x = 3509 + o. Is x composite?
False
Suppose -4*m + 197978 = 2*c, -2599*c + 2596*c + 5*m + 296989 = 0. Is c a prime number?
True
Suppose -2*d + 8 = -2*m, 3*d + 2*m - 20 = -3*m. Suppose -5*p + 10*p = d*k + 59770, -p - 2*k = -11969. Is p a composite number?
False
Let x = -643 - -7901. Is 82*3*x/228 a prime number?
False
Let m(n) = 2092*n - 1. Let o be m(-2). Let r = -843 - 1649. Let v = r - o. Is v composite?
False
Let f(w) = 2*w - 81. Let q be f(43). Suppose -q*r - 2*x + 19239 = -x, 5*x = 20. Is r a composite number?
False
Let l = -15 - 127. Let u(f) = f**3 + 14*f**2 + 9*f - 31. Let i be u(-12). Let j = i - l. Is j a composite number?
True
Let i(x) = -x**3 + 20*x**2 + 20*x + 23. Let d be i(21). Suppose -4270 = -d*p - 676. Is p a composite number?
True
Suppose -117*y + 59938645 = -52*y. Is y a composite number?
True
Suppose -3*g = -21*g + 126. Suppose -10*l = -g*l - 15567. Is l composite?
False
Let z = -41985 + 70828. Is z composite?
False
Let w = 402050 - -32847. Is w composite?
True
Let r(t) = -2*t**2 - 2*t + 102. Let l be r(0). Let d = l + -100. Is (-2460)/(d/(-2)) - (-2 + 3) a composite number?
False
Let l = -229 - -253. Suppose -5*m = -3*k - 6289, -l*m + 20*m - k = -5038. Is m composite?
False
Let p = 615014 - 225657. Is p a composite number?
False
Suppose 4*x - 46522 = -2*s, -s + 23276 = -18*x + 15*x. Is s a prime number?
False
Suppose z - 8 = -4. Suppose -v = -z*m - 1, 3*m - 1 = -2*v + 1. Is (v - 953/(-5)) + (-3)/5 a composite number?
False
Is (42287982/(-121))/((-63)/231) prime?
False
Suppose 4*t - 143705 = -5*w, 3*w - 86196 = -14*t + 17*t. Suppose -41*c + 44858 + w = 0. Is c a composite number?
True
Let q(y) = 132*y**3 + y**2 - 23*y - 23. Is q(6) a prime number?
True
Let w = -160 - -168. Is ((44/w)/(-11))/((-1)/1382) prime?
True
Let q = 6126715 + -3648558. Is q prime?
False
Suppose 58*x - 11101189 = 1501044 + 5987173. Is x composite?
True
Let n(d) = -78*d**3 - 2*d**2 - 17*d - 10. Is n(-3) a prime number?
True
Is (6/6)/((-24)/(-1395096)) a prime number?
True
Let h(w) = 6938*w - 2467. Is h(58) a prime number?
True
Let g = -19 + 44. Let h(f) = g + 544*f - 12 - 14. Is h(1) composite?
True
Let c = 765 + -267. Let j = c - 127. Suppose -j = t - 2524. Is t composite?
False
Is 20/8 - (-21243195)/30 composite?
False
Suppose 0 = 2*k + k - 36. Let o = -908 + 908. Suppose k = -5*v - 3, -q + 4*v + 1259 = o. Is q prime?
False
Let z(v) = 49*v + 704. Let y be z(15). Suppose w - 107 + 347 = 0. Let o = y + w. Is o a prime number?
False
Suppose -t = 5*y - 13159, 10532 = 4*y + 51*t - 49*t. Is y a prime number?
False
Let k(n) be the second derivative of 0 - 1/20*n**5 - 5/6*n**3 + 0*n**4 + 5/2*n**2 + 15*n. Is k(-8) prime?
True
Suppose -5*z + 233993 = -4*z. Is z a prime number?
True
Let i = 19659 + 7700. Is i a composite number?
True
Let l(v) = 2 + 1 - 4 - 272*v. Suppose 4*d + 16 = -3*o, 17 = 4*d + 5*o + 33. Is l(d) prime?
True
Let n = -52 - -52. Let x be 196*(n + (-2)/(-4)). Suppose -14*j + 84 = -x. Is j composite?
False
Let p(z) = z**3 - 21*z**2 + 22*z + 11. Let r(y) = -y**2 - 76*y + 51. Let h(c) = 19*c - 13. Let k(n) = 9*h(n) + 2*r(n). Let o be k(7). Is p(o) a prime number?
False
Suppose -2507 - 19033 = -20*g. Is g a prime number?
False
Let b be (546/4)/(12/48). Let a = 179 + b. Let j = 1284 - a. Is j prime?
False
Let u(y) = -6*y**3 - 8*y**2 + 18*y + 48. Let b be u(-10). Let c = 7571 - b. Is c prime?
True
Suppose -6*x = -15*x + 72. Suppose -4*n + x*n = 0. Suppose n = -14*u + 27853 - 7175. Is u prime?
False
Let z = 34526 - -19691. Is z prime?
True
Let o(d) be the third derivative of -101*d**6/20 + d**5/30 + d**4/12 + d**3/2 + 3*d**2 - 14. Is o(-2) prime?
False
Let t(n) = -n**3 + 5*n - 6. Let l be t(-3). Suppose -10*a + l*a + 12 = 0. Suppose a*d = 2*u - 227, -d - d + 103 = u. Is u a prime number?
True
Let a(j) = -63*j**3 - j - 1. Let g be a(-1). Let m = -598 + 608. Suppose m = -v + g. Is v a composite number?
False
Let f be -9234*4*3/24. Let l = f - -2500. Let t = -1122 - l. Is t a composite number?
True
Let f be 192/28 - 7 - (-8037)/7. Suppose -x + 2889 = -f. Is x prime?
False
Let r = 267 - 158. Suppose 106*h + 5469 = r*h. Is h prime?
True
Let j(k) = -k**3 + 5*k**2 + 3*k - 1. Let q be j(5). Let r = 10 + q. Suppose 5*s = u - 8, 2*s - 7 = 5*u - r. Is u composite?
False
Let w = 1156059 - 589748. Is w a composite number?
False
Suppose 4*m - l - 24 = 0, 4*m - l - 20 = l. Let j(w) = 20*w + 17. Is j(m) a composite number?
False
Let u be 4/(-18) + 853*153/81. Is 2/(10/u) + (-48)/(-60) composite?
True
Let a(m) = m**3 - 9*m**2 + 18*m - 75. Let y be a(8). Let t(x) = 13*x - 1 + 178*x + 75*x. Is t(y) composite?
True
Suppose 0*o + 5*o - 1239330 = 4*i, -o = 5*i - 247895. Is (o/(-105))/(4/(-6)) a prime number?
True
Suppose -2*a - 3*g = 6, -3*a - g + 6*g = -29. Suppose -a*k = k. Suppose 4*y + k*q - 3*q - 6184 = 0, -4633 = -3*y + q. Is y a prime number?
True
Suppose 5*v = 3*n + 169, 3*v + 5*n - 4*n 